he hundred thousands digit of 1447690?
4
What is the thousands digit of 154865?
4
What is the millions digit of 17201413?
7
What is the ten thousands digit of 1583892?
8
What is the thousands digit of 288318?
8
What is the millions digit of 5084431?
5
What is the thousands digit of 187560?
7
What is the hundreds digit of 16851290?
2
What is the thousands digit of 1885228?
5
What is the hundreds digit of 395489?
4
What is the millions digit of 1774432?
1
What is the thousands digit of 155647?
5
What is the hundred thousands digit of 3312739?
3
What is the hundreds digit of 4609632?
6
What is the ten thousands digit of 2923343?
2
What is the tens digit of 1206672?
7
What is the hundreds digit of 4934695?
6
What is the tens digit of 12663356?
5
What is the thousands digit of 260708?
0
What is the units digit of 489125?
5
What is the thousands digit of 5315125?
5
What is the thousands digit of 359238?
9
What is the hundred thousands digit of 183985?
1
What is the hundreds digit of 301362?
3
What is the thousands digit of 294785?
4
What is the hundred thousands digit of 184278?
1
What is the ten thousands digit of 10338623?
3
What is the hundreds digit of 10192184?
1
What is the thousands digit of 105576?
5
What is the hundred thousands digit of 793989?
7
What is the millions digit of 1562979?
1
What is the tens digit of 737848?
4
What is the ten thousands digit of 228735?
2
What is the hundreds digit of 5714875?
8
What is the units digit of 362155?
5
What is the hundreds digit of 98596?
5
What is the hundred thousands digit of 1102363?
1
What is the millions digit of 1036535?
1
What is the ten thousands digit of 11703242?
0
What is the ten thousands digit of 191261?
9
What is the ten thousands digit of 340570?
4
What is the millions digit of 12883987?
2
What is the ten thousands digit of 4685243?
8
What is the hundreds digit of 19043?
0
What is the tens digit of 595693?
9
What is the hundreds digit of 229065?
0
What is the thousands digit of 1295907?
5
What is the tens digit of 2599382?
8
What is the thousands digit of 2376569?
6
What is the hundreds digit of 21623226?
2
What is the ten thousands digit of 6773538?
7
What is the hundred thousands digit of 11576259?
5
What is the hundred thousands digit of 166593?
1
What is the ten thousands digit of 637114?
3
What is the tens digit of 3356513?
1
What is the ten millions digit of 17445857?
1
What is the hundred thousands digit of 7073463?
0
What is the hundreds digit of 14067?
0
What is the tens digit of 477807?
0
What is the ten thousands digit of 551940?
5
What is the thousands digit of 8914049?
4
What is the tens digit of 447795?
9
What is the units digit of 23983186?
6
What is the thousands digit of 7911602?
1
What is the ten thousands digit of 7812648?
1
What is the tens digit of 19229799?
9
What is the hundreds digit of 548418?
4
What is the units digit of 1181109?
9
What is the tens digit of 246877?
7
What is the tens digit of 674463?
6
What is the thousands digit of 74269?
4
What is the hundred thousands digit of 5849248?
8
What is the millions digit of 3644640?
3
What is the hundreds digit of 33976?
9
What is the hundred thousands digit of 1150391?
1
What is the hundred thousands digit of 178622?
1
What is the tens digit of 225019?
1
What is the ten thousands digit of 650665?
5
What is the millions digit of 2777989?
2
What is the thousands digit of 8337461?
7
What is the units digit of 10522273?
3
What is the hundred thousands digit of 481532?
4
What is the hundred thousands digit of 11259126?
2
What is the tens digit of 35589707?
0
What is the millions digit of 2338154?
2
What is the tens digit of 153613?
1
What is the tens digit of 1217081?
8
What is the ten millions digit of 19875992?
1
What is the tens digit of 207111?
1
What is the thousands digit of 5365175?
5
What is the ten thousands digit of 12673636?
7
What is the hundred thousands digit of 750570?
7
What is the tens digit of 1170296?
9
What is the hundreds digit of 1185383?
3
What is the millions digit of 4660226?
4
What is the millions digit of 1431472?
1
What is the ten thousands digit of 24239110?
3
What is the hundred thousands digit of 803465?
8
What is the hundreds digit of 98410?
4
What is the ten thousands digit of 237594?
3
What is the thousands digit of 18378?
8
What is the tens digit of 869716?
1
What is the tens digit of 2074674?
7
What is the ten thousands digit of 474621?
7
What is the units digit of 4939336?
6
What is the millions digit of 1862647?
1
What is the thousands digit of 11235?
1
What is the tens digit of 218080?
8
What is the ten thousands digit of 2810497?
1
What is the hundred thousands digit of 318090?
3
What is the units digit of 491278?
8
What is the hundred thousands digit of 1202441?
2
What is the thousands digit of 281683?
1
What is the hundreds digit of 10057725?
7
What is the thousands digit of 3681676?
1
What is the tens digit of 3880124?
2
What is the ten thousands digit of 1868195?
6
What is the hundreds digit of 818644?
6
What is the hundred thousands digit of 965315?
9
What is the ten thousands digit of 36823?
3
What is the tens digit of 17742995?
9
What is the tens digit of 137002?
0
What is the hundred thousands digit of 436300?
4
What is the units digit of 30256658?
8
What is the thousands digit of 674947?
4
What is the hundreds digit of 7597?
5
What is the hundred thousands digit of 33006462?
0
What is the units digit of 20585663?
3
What is the units digit of 6423406?
6
What is the hundreds digit of 482567?
5
What is the ten thousands digit of 39511?
3
What is the ten thousands digit of 889823?
8
What is the tens digit of 522507?
0
What is the thousands digit of 61284?
1
What is the hundreds digit of 27077643?
6
What is the ten thousands digit of 1037314?
3
What is the thousands digit of 1286186?
6
What is the units digit of 270318?
8
What is the hundreds digit of 2112581?
5
What is the units digit of 33505?
5
What is the units digit of 9116724?
4
What is the tens digit of 15406761?
6
What is the hundred thousands digit of 1611018?
6
What is the hundred thousands digit of 717678?
7
What is the ten thousands digit of 183715?
8
What is the thousands digit of 32683?
2
What is the units digit of 191896?
6
What is the hundreds digit of 501231?
2
What is the tens digit of 860803?
0
What is the tens digit of 2373788?
8
What is the units digit of 310387?
7
What is the hundreds digit of 198216?
2
What is the thousands digit of 15331?
5
What is the hundred thousands digit of 11132864?
1
What is the hundreds digit of 8437803?
8
What is the ten thousands digit of 1387427?
8
What is the hundreds digit of 19932835?
8
What is the hundreds digit of 320958?
9
What is the hundreds digit of 3788326?
3
What is the millions digit of 5215963?
5
What is the hundreds digit of 333546?
5
What is the hundreds digit of 3404595?
5
What is the ten thousands digit of 8622124?
2
What is the hundreds digit of 702084?
0
What is the units digit of 6981317?
7
What is the tens digit of 97077?
7
What is the ten thousands digit of 379892?
7
What is the millions digit of 1299048?
1
What is the tens digit of 2044836?
3
What is the ten thousands digit of 741454?
4
What is the millions digit of 8042759?
8
What is the units digit of 3062879?
9
What is the ten thousands digit of 1162729?
6
What is the hundreds digit of 1512212?
2
What is the thousands digit of 157073?
7
What is the thousands digit of 141910?
1
What is the tens digit of 790284?
8
What is the hundred thousands digit of 218867?
2
What is the ten thousands digit of 16802493?
0
What is the tens digit of 9495?
9
What is the units digit of 254976?
6
What is the tens digit of 42339343?
4
What is the units digit of 20575335?
5
What is the units digit of 13066887?
7
What is the hundreds digit of 258950?
9
What is the hundred thousands digit of 1549766?
5
What is the units digit of 447965?
5
What is the hundreds digit of 8596760?
7
What is the thousands digit of 1416532?
6
What is the units digit of 61119?
9
What is the hundreds digit of 817774?
7
What is the tens digit of 11568232?
3
What is the units digit of 11674618?
8
What is the tens digit of 3608225?
2
What is the hundreds digit of 301887?
8
What is the units digit of 32283?
3
What is the thousands digit of 2160